y 437?
423
What is the remainder when 3451 is divided by 77?
63
Calculate the remainder when 5220 is divided by 43.
17
Calculate the remainder when 37033 is divided by 366.
67
Calculate the remainder when 12312 is divided by 23.
7
What is the remainder when 23730 is divided by 76?
18
What is the remainder when 2162 is divided by 329?
188
Calculate the remainder when 309422 is divided by 2010.
1892
Calculate the remainder when 7973 is divided by 647.
209
What is the remainder when 6957 is divided by 87?
84
What is the remainder when 37251 is divided by 139?
138
Calculate the remainder when 170308 is divided by 781.
50
What is the remainder when 4831 is divided by 124?
119
What is the remainder when 3656 is divided by 189?
65
Calculate the remainder when 79007 is divided by 286.
71
Calculate the remainder when 93374 is divided by 1052.
798
What is the remainder when 31126 is divided by 90?
76
What is the remainder when 143819 is divided by 470?
469
Calculate the remainder when 5999 is divided by 751.
742
What is the remainder when 21015 is divided by 10503?
9
What is the remainder when 10139 is divided by 22?
19
Calculate the remainder when 3352 is divided by 241.
219
Calculate the remainder when 1614 is divided by 61.
28
Calculate the remainder when 6399 is divided by 823.
638
What is the remainder when 12916 is divided by 173?
114
What is the remainder when 10130 is divided by 81?
5
What is the remainder when 8958 is divided by 256?
254
Calculate the remainder when 1127 is divided by 228.
215
What is the remainder when 60718 is divided by 20224?
46
Calculate the remainder when 49568 is divided by 8206.
332
Calculate the remainder when 139397 is divided by 273.
167
Calculate the remainder when 17980 is divided by 304.
44
Calculate the remainder when 287247 is divided by 75.
72
What is the remainder when 325 is divided by 7?
3
Calculate the remainder when 452503 is divided by 113118.
31
What is the remainder when 945236 is divided by 749?
747
What is the remainder when 8160 is divided by 200?
160
Calculate the remainder when 18441 is divided by 278.
93
What is the remainder when 418 is divided by 235?
183
Calculate the remainder when 39064 is divided by 325.
64
Calculate the remainder when 128430 is divided by 267.
3
What is the remainder when 12997 is divided by 1191?
1087
Calculate the remainder when 2019646 is divided by 81.
73
What is the remainder when 35893 is divided by 11964?
1
What is the remainder when 3715 is divided by 46?
35
What is the remainder when 4157 is divided by 828?
17
What is the remainder when 97942 is divided by 132?
130
What is the remainder when 539225 is divided by 26?
11
What is the remainder when 130984 is divided by 169?
9
What is the remainder when 382908 is divided by 2081?
4
Calculate the remainder when 4228 is divided by 359.
279
What is the remainder when 299526 is divided by 28?
10
What is the remainder when 13430 is divided by 840?
830
What is the remainder when 1103 is divided by 441?
221
Calculate the remainder when 934 is divided by 108.
70
What is the remainder when 9827 is divided by 605?
147
Calculate the remainder when 43899 is divided by 14631.
6
Calculate the remainder when 353479 is divided by 324.
319
Calculate the remainder when 18654 is divided by 18556.
98
What is the remainder when 484815 is divided by 323?
315
Calculate the remainder when 18277 is divided by 57.
37
What is the remainder when 719 is divided by 332?
55
Calculate the remainder when 50594 is divided by 16852.
38
Calculate the remainder when 15931 is divided by 253.
245
Calculate the remainder when 39073 is divided by 2604.
13
Calculate the remainder when 16356 is divided by 127.
100
What is the remainder when 1339 is divided by 1287?
52
Calculate the remainder when 398157 is divided by 16.
13
What is the remainder when 70556 is divided by 112?
108
Calculate the remainder when 876938 is divided by 323.
316
Calculate the remainder when 184 is divided by 141.
43
Calculate the remainder when 3485 is divided by 123.
41
What is the remainder when 1125145 is divided by 23?
8
Calculate the remainder when 623520 is divided by 31.
17
Calculate the remainder when 20353 is divided by 199.
55
What is the remainder when 4193 is divided by 1240?
473
What is the remainder when 2199 is divided by 317?
297
Calculate the remainder when 5233 is divided by 1037.
48
What is the remainder when 66164 is divided by 80?
4
What is the remainder when 831 is divided by 302?
227
What is the remainder when 2047 is divided by 184?
23
What is the remainder when 1512 is divided by 79?
11
Calculate the remainder when 780443 is divided by 978.
977
Calculate the remainder when 10723 is divided by 5347.
29
Calculate the remainder when 52923 is divided by 64.
59
Calculate the remainder when 1077810 is divided by 119756.
6
What is the remainder when 10358 is divided by 160?
118
Calculate the remainder when 2507 is divided by 556.
283
What is the remainder when 99025 is divided by 46?
33
What is the remainder when 44067 is divided by 42?
9
Calculate the remainder when 12196 is divided by 100.
96
What is the remainder when 85177 is divided by 42581?
15
What is the remainder when 32646 is divided by 5441?
0
What is the remainder when 2595 is divided by 438?
405
What is the remainder when 1828 is divided by 207?
172
Calculate the remainder when 1499 is divided by 373.
7
What is the remainder when 2924 is divided by 727?
16
What is the remainder when 360299 is divided by 15?
14
What is the remainder when 228016 is divided by 28501?
8
What is the remainder when 26784 is divided by 181?
177
Calculate the remainder when 14983 is divided by 172.
19
What is the remainder when 3179524 is divided by 445?
444
What is the remainder when 29613 is divided by 221?
220
Calculate the remainder when 103474 is divided by 681.
643
What is the remainder when 96322 is divided by 133?
30
Calculate the remainder when 81828 is divided by 40861.
106
What is the remainder when 31152 is divided by 93?
90
Calculate the remainder when 58765 is divided by 18.
13
Calculate the remainder when 153699 is divided by 25.
24
What is the remainder when 2278099 is divided by 22?
21
Calculate the remainder when 24908 is divided by 501.
359
Calculate the remainder when 124112 is divided by 35.
2
What is the remainder when 456 is divided by 210?
36
Calculate the remainder when 1372 is divided by 504.
364
What is the remainder when 723 is divided by 178?
11
What is the remainder when 33217 is divided by 33149?
68
Calculate the remainder when 121132 is divided by 61.
47
What is the remainder when 13775 is divided by 581?
412
Calculate the remainder when 5949 is divided by 391.
84
What is the remainder when 6910 is divided by 6823?
87
What is the remainder when 74310 is divided by 9?
6
What is the remainder when 8621 is divided by 859?
31
What is the remainder when 24255 is divided by 8?
7
What is the remainder when 97765 is divided by 153?
151
Calculate the remainder when 8892 is divided by 2920.
132
What is the remainder when 9008 is divided by 318?
104
Calculate the remainder when 921 is divided by 270.
111
Calculate the remainder when 486862 is divided by 207.
205
Calculate the remainder when 26269 is divided by 31.
12
Calculate the remainder when 1981 is divided by 1506.
475
Calculate the remainder when 2237 is divided by 83.
79
What is the remainder when 27888 is divided by 5577?
3
What is the remainder when 601822 is divided by 35?
32
Calculate the remainder when 326814 is divided by 163406.
2
What is the remainder when 147165 is divided by 336?
333
What is the remainder when 2928 is divided by 1359?
210
What is the remainder when 4449 is divided by 297?
291
What is the remainder when 358341 is divided by 27?
24
What is the remainder when 8694 is divided by 8?
6
Calculate the remainder when 32449 is divided by 71.
2
What is the remainder when 30143 is divided by 1256?
1255
Calculate the remainder when 160841 is divided by 80415.
11
What is the remainder when 187291 is divided by 187208?
83
What is the remainder when 8806767 is divided by 23?
21
Calculate the remainder when 30459 is divided by 256.
251
Calculate the remainder when 303555 is divided by 36.
3
Calculate the remainder when 2513 is divided by 